s 6863679239 a prime number?
False
Is 13290868597 a composite number?
True
Is 2634995137 a prime number?
False
Is 28129008157 a prime number?
True
Is 2829249913 prime?
False
Is 107291989859 composite?
False
Is 7444068901 a composite number?
False
Is 933769747 a composite number?
True
Is 2741776469 composite?
False
Is 7620997627 prime?
True
Is 197451167 a composite number?
True
Is 119378266261 a composite number?
False
Is 13550559313 composite?
False
Is 1239530977 composite?
False
Is 29090098421 a composite number?
False
Is 13860946537 a prime number?
True
Is 889937977 composite?
False
Is 9586223641 prime?
False
Is 72931787 composite?
False
Is 2757515017 a composite number?
True
Is 18439174679 a prime number?
True
Is 1344803703 a composite number?
True
Is 4574709309 composite?
True
Is 3765705206 a prime number?
False
Is 3093483373 a prime number?
True
Is 94914734 prime?
False
Is 11741795453 a prime number?
False
Is 1108739059 a composite number?
False
Is 2430928151 a composite number?
True
Is 2680934363 prime?
False
Is 2296929413 composite?
True
Is 278557207 a composite number?
False
Is 3663217471 composite?
False
Is 4405460693 prime?
True
Is 4171649869 prime?
False
Is 4076727839 a composite number?
False
Is 1137392491 composite?
True
Is 6008573783 a composite number?
True
Is 318761249 prime?
False
Is 19994497519 prime?
True
Is 55265230219 a prime number?
True
Is 2416066319 composite?
False
Is 2135390097 prime?
False
Is 378064927 prime?
False
Is 257085704159 composite?
True
Is 2944322957 a composite number?
True
Is 25262977 prime?
True
Is 3601021373 a composite number?
True
Is 268212157 prime?
True
Is 387779951 prime?
False
Is 29912313583 a composite number?
False
Is 80592103 a prime number?
False
Is 6476825599 composite?
True
Is 2472188647 composite?
True
Is 246206569 a prime number?
False
Is 3844669993 prime?
True
Is 652390103 prime?
False
Is 27693157 a prime number?
False
Is 12043801183 prime?
False
Is 1717112473 prime?
True
Is 826913564077 a composite number?
False
Is 727909381 a composite number?
True
Is 3588791413 a composite number?
False
Is 71425942781 a prime number?
False
Is 37846887229 prime?
True
Is 3555676199 a composite number?
False
Is 5716065221 prime?
True
Is 2802573671 a composite number?
False
Is 5392014505 a prime number?
False
Is 38780993 a prime number?
False
Is 62376569506 a composite number?
True
Is 467828951 a composite number?
True
Is 11827057133 composite?
False
Is 7314959917 prime?
False
Is 23262131785 a composite number?
True
Is 24186705119 a prime number?
False
Is 1191100459 a prime number?
False
Is 12516199103 composite?
False
Is 838142845 a composite number?
True
Is 562921169 a composite number?
True
Is 3146348713 a prime number?
False
Is 1033130959 a prime number?
False
Is 79931150303 prime?
True
Is 124576051151 a composite number?
True
Is 3366015229 a composite number?
True
Is 3312154459 a composite number?
True
Is 251287573 prime?
True
Is 28891273317 a composite number?
True
Is 37073987003 prime?
False
Is 41296867067 a prime number?
True
Is 15303228245 a composite number?
True
Is 44694907 a composite number?
True
Is 2894966467 composite?
True
Is 170047108013 a prime number?
True
Is 7387179083 composite?
False
Is 30183401 composite?
False
Is 2370522779 a prime number?
False
Is 75032985383 a composite number?
True
Is 291961559 composite?
True
Is 17953170571 a composite number?
True
Is 78898738829 a composite number?
False
Is 75627670867 composite?
True
Is 22214548561 prime?
True
Is 36185395469 a prime number?
False
Is 7035261473 a composite number?
False
Is 18356364674 composite?
True
Is 74920935709 a prime number?
True
Is 1225066915 a prime number?
False
Is 3923120891 composite?
False
Is 5052031229 a prime number?
False
Is 4426298579 a prime number?
False
Is 296599903 a composite number?
True
Is 162733187 prime?
False
Is 5723620829 a composite number?
False
Is 15245401 a composite number?
False
Is 88903229 composite?
False
Is 25674224399 composite?
False
Is 3949917623 prime?
True
Is 56356008271 a prime number?
False
Is 1288972423 a prime number?
False
Is 11101244777 composite?
True
Is 23876131421 a prime number?
True
Is 19981210061 a prime number?
False
Is 1618064287 composite?
True
Is 536830243 a composite number?
True
Is 338620277 composite?
True
Is 24166368739 a prime number?
True
Is 1725199793 a composite number?
True
Is 660856900477 a prime number?
True
Is 84696671 a prime number?
True
Is 20820907229 a prime number?
True
Is 452319089 composite?
True
Is 2433516883 prime?
False
Is 1364172043 prime?
False
Is 1883809727 prime?
True
Is 13656239843 a prime number?
True
Is 11684614013 composite?
False
Is 77563329917 a composite number?
False
Is 44619648803 composite?
False
Is 1528410883 prime?
True
Is 5464070207 composite?
False
Is 725048372669 prime?
True
Is 2334140729 composite?
False
Is 801747851 prime?
True
Is 3132302681 prime?
True
Is 897389557 a prime number?
False
Is 70077971 a composite number?
True
Is 435222473 prime?
False
Is 12865871111 a composite number?
False
Is 9513774961 composite?
True
Is 39546821681 composite?
False
Is 2741865067 composite?
False
Is 139865819 a prime number?
False
Is 13121838341 a prime number?
False
Is 3038417519 a composite number?
False
Is 31135682999 prime?
False
Is 4092033889 prime?
True
Is 648109261 a prime number?
False
Is 684455977 prime?
True
Is 6475288271 composite?
True
Is 9801095951 composite?
False
Is 456557833 a composite number?
False
Is 10677786391 prime?
True
Is 286494913 a composite number?
False
Is 30907547393 composite?
False
Is 703653023 prime?
False
Is 906292991 a composite number?
True
Is 26184247379 a prime number?
False
Is 598332341 composite?
False
Is 283461907 a prime number?
True
Is 138483133 prime?
False
Is 859395881 composite?
False
Is 67351938233 prime?
False
Is 234241541 a composite number?
False
Is 12797440195 composite?
True
Is 11888644741 a prime number?
False
Is 17066902687 a prime number?
False
Is 55578390657 a prime number?
False
Is 337143211 composite?
False
Is 19115147621 a composite number?
True
Is 50016931 composite?
False
Is 52207083239 a composite number?
False
Is 57458956697 prime?
False
Is 33121993 a composite number?
True
Is 65522857 a prime number?
True
Is 1252678763 composite?
True
Is 17592990071 composite?
False
Is 102221759 prime?
True
Is 3181380817 a composite number?
True
Is 496824997 composite?
False
Is 1587170323 a prime number?
True
Is 234502385167 a prime number?
False
Is 187265489549 composite?
True
Is 1135914331 a prime number?
True
Is 1161249214 a composite number?
True
Is 5241141329 prime?
True
Is 8808143 a prime number?
True
Is 12486311 a prime number?
False
Is 8798332861 a composite number?
False
Is 15272293303 prime?
False
Is 7351930631 composite?
True
Is 1361151823 a composite number?
True
Is 17482129961 a prime number?
False
Is 129907267349 prime?
True
Is 21186563921 composite?
False
Is 662932691 a prime number?
True
Is 58691916677 prime?
False
Is 149844188789 a composite number?
True
Is 1840138909 prime?
False
Is 10712483 prime?
True
Is 8181687989 prime?
False
Is 271430987 composite?
False
Is 21017609 composite?
True
Is 962359999 a prime number?
False
Is 59206663 a composite number?
True
Is 1621524677 composite?
False
Is 190572703943 a composite number?
False
Is 1015397783 a composite number?
False
Is 64318443113 prime?
True
Is 200153753015 a prime number?
False
Is 12145188397 prime?
False
Is 66461122369 a composite number?
True
Is 33311576707 prime?
False
Is 503418379 a prime number?
False
Is 211488733 composite?
False
Is 9181793303 composite?
True
Is 15999222203 prime?
True
Is 1775377741 a prime number?
True
Is 2089221553 prime?
True
Is 2450058409 composite?
False
Is 17412905557 prime?
True
Is 56360333135 a composite number?
True
Is 510319823 prime?
False
Is 132362055281 a prime number?
False
Is 10566239431 a prime number?
False
Is 383990539 prime?
False
Is 2872623031 a composite number?
False
Is 33524743289 a composite number?
False
Is 795243359 composite?
True
Is 4070353067 prime?
False
Is 273910997 prime?
False
Is 990757463 a prime number?
False
Is 623928193 a prime number?
False
Is 129497411 composite?
False
Is 68773774217 a composite number?
True
Is 36922595641 a prime number?
True
Is 542427419 prime?